 divided by 4?
1
Let o be (-4)/22 + (-10)/(-55). Suppose q + 0*q = -4*x + 92, -4*q + 16 = o. Let l = x - 2. What is the remainder when l is divided by 11?
9
Let m(x) be the third derivative of -x**5/60 - x**4/6 + x**3/6 - x**2. Let o be m(-4). Let s = o + 5. What is the remainder when s is divided by 4?
2
Suppose -2 - 6 = -4*f. Calculate the remainder when (-1 + (7 - 2))/1 is divided by f.
0
Let s = -2 + -4. Let z(l) = -l**3 - 5*l**2 + l + 2. Let k be z(s). Suppose -4*a - k + 212 = 0. What is the remainder when a is divided by 16?
13
Suppose 0 = 3*g + 1 - 4. Suppose 0*n - 5*n + 52 = 3*l, -5*n = -25. What is the remainder when (-1)/((-1)/26)*g is divided by l?
8
Let v(o) = o**3 - o**2 + o. Suppose j = -2*j. Let u be v(j). Suppose u = -x - y - 2 + 13, 0 = -4*x + 2*y + 20. What is the remainder when 13 is divided by x?
6
Let k = 761 - 749. Suppose 0 = -h + 4*h - 522. Suppose h = 5*b + 4. Calculate the remainder when b is divided by k.
10
What is the remainder when 49 is divided by 3 + -3 - 5 - -18?
10
Let q(b) = -2*b**3 - b**2 + b + 2. Suppose 0*p - 10 = 5*p. Calculate the remainder when 34 is divided by q(p).
10
Let i(j) = 2*j**3 + 1. Let b be i(-1). Let k(c) = -c**2 - 7*c + 10. Calculate the remainder when (2 + b)/(1/3) is divided by k(-8).
1
Suppose 2*m = -105 - 23. Let d = -68 - 21. Let v = m - d. Calculate the remainder when v is divided by 9.
7
Let h be (-4)/((-8)/10) + 1. Let b = h - -8. Calculate the remainder when b is divided by 6/45 - 354/(-45).
6
Suppose 4*o - 14 = 2*o. Suppose -5*g + 136 = 81. What is the remainder when g is divided by o?
4
Calculate the remainder when 12*1 - (0 - 3) is divided by 4.
3
Suppose -3*f - 7 + 52 = 0. Calculate the remainder when f is divided by 9.
6
Calculate the remainder when 24 is divided by 54/6 - (-4)/((-4)/(-2)).
2
Let d = 22 - 20. What is the remainder when 6 is divided by d?
0
Suppose -13*j - 330 = -19*j. Calculate the remainder when j is divided by 29.
26
Let q(r) = r**2 - 6*r + 4. Let h(k) = 2*k**2 - 13*k + 8. Let g(a) = -2*h(a) + 5*q(a). Calculate the remainder when g(9) is divided by 17.
15
Calculate the remainder when 34 is divided by ((-162)/(-45))/(3/10).
10
Suppose 5*b + 23 = 3*s, 0 = -s + 2*s - 2*b - 8. Calculate the remainder when 128/s + 1/(-3) is divided by 6.
3
Suppose n + 1 = 11. Suppose 5*m - 91 = 4. What is the remainder when m is divided by n?
9
Let p = 260 + -184. Suppose -2*a = -6*a + p. What is the remainder when a is divided by 10?
9
Suppose -46*o + 49*o = 240. Calculate the remainder when o is divided by 17.
12
Suppose -411 = -5*q - 0*q - 4*i, -3*q - 4*i + 253 = 0. What is the remainder when q is divided by 20?
19
Suppose 0 = 2*a + 6*l - 2*l - 18, 2*a - 4*l = 26. Let x(n) = -11*n + 2. Let v be x(-7). Let p = v - 47. Calculate the remainder when p is divided by a.
10
Let q = 1 - -2. Calculate the remainder when 4 is divided by q.
1
Let r = -13 - -6. Let s = 0 - r. What is the remainder when (-6)/(-9) - (-58)/3 is divided by s?
6
Let j(h) = h**3 + 9*h**2 + 4*h - 10. Suppose 5*w + 5*r + 30 = 0, -r - 30 = 5*w - w. Calculate the remainder when j(w) is divided by 4.
2
Let i(q) = q**3 - 8*q**2 - 7*q + 10. What is the remainder when 55 is divided by i(9)?
27
Suppose -b - 5*u + 14 = 0, 3*u - 28 = -0*b - 2*b. Let g = -4 + 10. What is the remainder when b is divided by 20/g*6/5?
2
Let g(q) = q + 2. Suppose 3*a - 11 - 28 = 0. Let j = a - 8. What is the remainder when g(j) is divided by 4?
3
Let j = 14 - -8. Calculate the remainder when j is divided by 8.
6
Suppose -12 = -4*c, -5*q + c - 6*c = -110. What is the remainder when 820/15 - (-1)/3 is divided by q?
17
Suppose -15 = -5*z + 2*z. Calculate the remainder when 21 + 2 + -5 + z is divided by 13.
10
Suppose -3*p + 7*p - 117 = -5*t, 41 = 2*p - t. Suppose i + 7 = 11. Calculate the remainder when p is divided by i.
3
Let x be (-2)/(-5) - (-26)/10. Suppose c - 4 = -x*c. What is the remainder when 2 is divided by c?
0
Suppose 0 = 5*w - 8*x + 3*x - 255, 5*x - 137 = -3*w. What is the remainder when w is divided by 18?
13
Suppose -81*v + 10 = -79*v. Calculate the remainder when 16 is divided by v.
1
Suppose 0 = 4*q - 53 - 31. What is the remainder when 41 is divided by q?
20
Let p be 1/(-3) + (-466)/(-3). Suppose 3*f - 2*f = a - 38, 4*a = 5*f + p. Calculate the remainder when a is divided by 12.
11
Suppose -2*p + 224 = 2*p. Suppose 5*l - p = 24. What is the remainder when l is divided by 9?
7
Let i(x) = -4*x + 13. Let q = 76 - 38. What is the remainder when q is divided by i(0)?
12
Let f(k) = -k**2 - 11*k - 13. Let w be f(-9). Suppose 5*d - 2*c = -5, w*d + 3*c - 24 = -4. Calculate the remainder when 26 is divided by d/(1 + -2)*-9.
8
Let m(a) = 5*a - 3. Let f be m(6). Let j = -19 + f. What is the remainder when 21 is divided by j?
5
What is the remainder when ((-4)/(-4))/(3/321) is divided by 12?
11
Let h be -15 + (9*-1)/3. Let n = -7 - h. What is the remainder when 20 is divided by n?
9
Let m = -22 - -34. What is the remainder when 24 is divided by m?
0
Suppose 0 = -2*t + t - 22. Let c = t - -43. What is the remainder when c is divided by 8?
5
Suppose 0 = -5*t + 68 + 12. Calculate the remainder when 32 is divided by t.
0
Calculate the remainder when 9 is divided by 4 + -1 + 4 - 3.
1
Suppose 0*l - 8 = -2*l, 3*l - 24 = 3*d. Let m be 1/2*18/1. Let p = d + m. What is the remainder when p is divided by 3?
2
What is the remainder when 32 is divided by -2 - (-6 + 2) - (-15 - 2)?
13
Let q(h) = 6*h - 3. Let t(d) = d**2 + 3*d - 4. Calculate the remainder when t(-7) is divided by q(2).
6
Suppose -s - 4*s = -60. Suppose -j + 4*n - s = -6*j, 2*j - 12 = 2*n. What is the remainder when 6 is divided by j?
2
Suppose 2*c - 14 = -6. What is the remainder when c is divided by 1?
0
Let c = -2 + 7. Calculate the remainder when 22 is divided by c.
2
Suppose 3*g + 2*t = 55, 3*g - 6*g + 3*t + 30 = 0. What is the remainder when 40 is divided by g?
10
Suppose 0 = 5*f - 2*a + 3*a - 97, 0 = 4*f + 4*a - 68. What is the remainder when 79 is divided by f?
19
Suppose 14 = -q + 2*q - 2*l, -5*q = 5*l - 40. Let f be (-1 - -2)*1 - q. Let w(b) = -3*b + 5. Calculate the remainder when w(f) is divided by 17.
15
Let y = 9 + -4. Suppose y*k + 62 = 272. What is the remainder when k is divided by 11?
9
Let q = 22 - 5. Suppose 4*l = 5*g - 22, g + 3*l - 8*l - q = 0. What is the remainder when 7 is divided by g?
1
Let n be -4*(-21)/12*-2. Let r = n + 32. Calculate the remainder when 33 is divided by r.
15
Suppose 5*q + 64 - 4 = 0. Let u = -7 - q. What is the remainder when 8 is divided by u?
3
Let z = 1 - -29. Suppose -z = -w - 11. Suppose 3*r + 26 = 191. Calculate the remainder when r is divided by w.
17
Suppose a - 22 = -5. Suppose 4*j = j - 5*w - 11, -5*w - a = j. What is the remainder when 40 is divided by -7*j/((-3)/2)?
12
Suppose 26 = 4*y + 2*o - 42, -4*y + 68 = -5*o. Suppose 2*q + r - 2*r - 52 = 0, 5*r = q - y. Calculate the remainder when q is divided by 7.
6
Let z(f) = -6*f + 13. Calculate the remainder when z(-29) is divided by 38.
35
Let x = 48 + 27. Suppose -2*a = 3*a + w - 102, 3*w - x = -4*a. What is the remainder when 60 is divided by a?
18
What is the remainder when 142 is divided by 2/8*(-4 - -120)?
26
Let c(p) = 2*p - 4. Let r be c(8). Suppose -105 = -5*l + 5*k, 0*k + r = 2*l + 4*k. Calculate the remainder when 78 is divided by l.
14
Suppose 3*i - 7 = 4*m, -2*i = -m + 1 + 1. Let w = 17 - 3. What is the remainder when m*-1*(-82)/(-8) is divided by w?
13
Let q = -2 + 4. Let j = -17 - -19. What is the remainder when 28 is divided by 0 + q + 6 + j?
8
Let b = -14 - -56. Calculate the remainder when 124 is divided by b.
40
Suppose -4*d + 96 = -3*u, -4 = -5*d - 4*u + 85. Suppose -o + d + 23 = 0. What is the remainder when o is divided by 15?
14
Let q(n) = 3*n - 1. Let m be q(7). Suppose 8 = -2*z + m. Let l = 22 - 18. Calculate the remainder when z is divided by l.
2
Suppose 2*d = -d + 12. Let x = 4 - d. Suppose -2*y + 3*s = -33, -3*y - 3*s = -x*y - 27. What is the remainder when 34 is divided by y?
10
Suppose 0 = -t + 14 + 4. Calculate the remainder when t is divided by 7.
4
Let x be 116/(-24) - (-2)/(-12). Let u(p) = -p - 2. Let i be u(x). Suppose -26 - 13 = -i*o. Calculate the remainder when 25 is divided by o.
12
Suppose 3*k - 84 = -3*k. Let t(z) = z**3 - 3*z**2 - 2*z. Ca